{"id":15,"date":"2016-02-17T11:13:33","date_gmt":"2016-02-17T11:13:33","guid":{"rendered":"http:\/\/test.bildervomschmied.de\/?page_id=15"},"modified":"2016-02-18T14:17:49","modified_gmt":"2016-02-18T14:17:49","slug":"ausstellungen","status":"publish","type":"page","link":"http:\/\/test.bildervomschmied.de\/?page_id=15","title":{"rendered":"Ausstellungen"},"content":{"rendered":"<p>Schmied&#8217;s Bilder, weit \u00fcber Braunschweig hinaus l\u00e4ngst ein Begriff geworden, kann man (zweimal j\u00e4hrlich) in mehrw\u00f6chigen Ausstellungen be\u00e4ugen und erwerben. Weitere Besuche und Besichtigungen nach Anmeldung.<\/p>\n<p><a href=\"http:\/\/test.bildervomschmied.de\/wp-content\/uploads\/2016\/02\/FB-4.jpg\" target=\"_blank\"><img loading=\"lazy\" decoding=\"async\" class=\"wp-image-161 alignnone\" src=\"http:\/\/test.bildervomschmied.de\/wp-content\/uploads\/2016\/02\/FB-4-300x259.jpg\" alt=\"FB-4\" width=\"228\" height=\"198\" srcset=\"http:\/\/test.bildervomschmied.de\/wp-content\/uploads\/2016\/02\/FB-4-300x259.jpg 300w, http:\/\/test.bildervomschmied.de\/wp-content\/uploads\/2016\/02\/FB-4-768x662.jpg 768w, http:\/\/test.bildervomschmied.de\/wp-content\/uploads\/2016\/02\/FB-4-348x300.jpg 348w, http:\/\/test.bildervomschmied.de\/wp-content\/uploads\/2016\/02\/FB-4.jpg 960w\" sizes=\"auto, (max-width: 228px) 100vw, 228px\" \/><\/a><a href=\"http:\/\/test.bildervomschmied.de\/wp-content\/uploads\/2016\/02\/FB-1.jpg\" target=\"_blank\"><img loading=\"lazy\" decoding=\"async\" class=\"wp-image-158 alignleft\" src=\"http:\/\/test.bildervomschmied.de\/wp-content\/uploads\/2016\/02\/FB-1-300x300.jpg\" alt=\"FB-1\" width=\"195\" height=\"195\" srcset=\"http:\/\/test.bildervomschmied.de\/wp-content\/uploads\/2016\/02\/FB-1-300x300.jpg 300w, http:\/\/test.bildervomschmied.de\/wp-content\/uploads\/2016\/02\/FB-1-150x150.jpg 150w, http:\/\/test.bildervomschmied.de\/wp-content\/uploads\/2016\/02\/FB-1.jpg 320w\" sizes=\"auto, (max-width: 195px) 100vw, 195px\" \/><\/a><\/p>\n<p>Die kleine Galerie ganz anders in Lagesb\u00fcttel vermittel Ihnen einen genussvollen Einstieg in eine Welt der Gestaltung und brillianter Details.<\/p>\n<figure id=\"attachment_155\" aria-describedby=\"caption-attachment-155\" style=\"width: 165px\" class=\"wp-caption alignright\"><a href=\"http:\/\/test.bildervomschmied.de\/wp-content\/uploads\/2016\/02\/Au\u00dfenbild.jpg\" target=\"_blank\"><img loading=\"lazy\" decoding=\"async\" class=\"wp-image-155 size-medium\" src=\"http:\/\/test.bildervomschmied.de\/wp-content\/uploads\/2016\/02\/Au\u00dfenbild-165x300.jpg\" alt=\"Au\u00dfenbild\" width=\"165\" height=\"300\" srcset=\"http:\/\/test.bildervomschmied.de\/wp-content\/uploads\/2016\/02\/Au\u00dfenbild-165x300.jpg 165w, http:\/\/test.bildervomschmied.de\/wp-content\/uploads\/2016\/02\/Au\u00dfenbild.jpg 528w\" sizes=\"auto, (max-width: 165px) 100vw, 165px\" \/><\/a><figcaption id=\"caption-attachment-155\" class=\"wp-caption-text\">Au\u00dfenbild<\/figcaption><\/figure>\n<ul>\n<li>Seit 1992 besteht die kleine Galerie ganz anders.<\/li>\n<\/ul>\n<ul>\n<li>Unikate k\u00f6nnen mit Rahmen von der Wand weg erworben werden.<\/li>\n<\/ul>\n<ul>\n<li>Wir beraten Sie auch vor Ort in Ihren R\u00e4umen. Die vorhandene Verbindung zur Innenarchitektur gew\u00e4hrleistet optimale Ergebnisse.<\/li>\n<\/ul>\n<ul>\n<li>Ein Platz f\u00fcr Kommunikation oder stille Betrachtung.<\/li>\n<\/ul>\n<ul>\n<li>Ca. 100 Originale werden hierf\u00fcr st\u00e4ndig pr\u00e4sentiert.<\/li>\n<\/ul>\n","protected":false},"excerpt":{"rendered":"<p>Schmied&#8217;s Bilder, weit \u00fcber Braunschweig hinaus l\u00e4ngst ein Begriff geworden, kann man (zweimal j\u00e4hrlich) in mehrw\u00f6chigen Ausstellungen be\u00e4ugen und erwerben. Weitere Besuche und Besichtigungen nach Anmeldung. Die kleine Galerie ganz anders in Lagesb\u00fcttel vermittel Ihnen einen genussvollen Einstieg in eine Welt der Gestaltung und brillianter Details. Seit 1992 besteht die kleine Galerie ganz anders. Unikate [&hellip;]<\/p>\n","protected":false},"author":1,"featured_media":0,"parent":0,"menu_order":0,"comment_status":"closed","ping_status":"closed","template":"","meta":{"site-sidebar-layout":"default","site-content-layout":"","ast-site-content-layout":"default","site-content-style":"default","site-sidebar-style":"default","ast-global-header-display":"","ast-banner-title-visibility":"","ast-main-header-display":"","ast-hfb-above-header-display":"","ast-hfb-below-header-display":"","ast-hfb-mobile-header-display":"","site-post-title":"","ast-breadcrumbs-content":"","ast-featured-img":"","footer-sml-layout":"","theme-transparent-header-meta":"","adv-header-id-meta":"","stick-header-meta":"","header-above-stick-meta":"","header-main-stick-meta":"","header-below-stick-meta":"","astra-migrate-meta-layouts":"default","ast-page-background-enabled":"default","ast-page-background-meta":{"desktop":{"background-color":"","background-image":"","background-repeat":"repeat","background-position":"center center","background-size":"auto","background-attachment":"scroll","background-type":"","background-media":"","overlay-type":"","overlay-color":"","overlay-opacity":"","overlay-gradient":""},"tablet":{"background-color":"","background-image":"","background-repeat":"repeat","background-position":"center center","background-size":"auto","background-attachment":"scroll","background-type":"","background-media":"","overlay-type":"","overlay-color":"","overlay-opacity":"","overlay-gradient":""},"mobile":{"background-color":"","background-image":"","background-repeat":"repeat","background-position":"center center","background-size":"auto","background-attachment":"scroll","background-type":"","background-media":"","overlay-type":"","overlay-color":"","overlay-opacity":"","overlay-gradient":""}},"ast-content-background-meta":{"desktop":{"background-color":"var(--ast-global-color-5)","background-image":"","background-repeat":"repeat","background-position":"center center","background-size":"auto","background-attachment":"scroll","background-type":"","background-media":"","overlay-type":"","overlay-color":"","overlay-opacity":"","overlay-gradient":""},"tablet":{"background-color":"var(--ast-global-color-5)","background-image":"","background-repeat":"repeat","background-position":"center center","background-size":"auto","background-attachment":"scroll","background-type":"","background-media":"","overlay-type":"","overlay-color":"","overlay-opacity":"","overlay-gradient":""},"mobile":{"background-color":"var(--ast-global-color-5)","background-image":"","background-repeat":"repeat","background-position":"center center","background-size":"auto","background-attachment":"scroll","background-type":"","background-media":"","overlay-type":"","overlay-color":"","overlay-opacity":"","overlay-gradient":""}},"footnotes":""},"class_list":["post-15","page","type-page","status-publish","hentry"],"_links":{"self":[{"href":"http:\/\/test.bildervomschmied.de\/index.php?rest_route=\/wp\/v2\/pages\/15","targetHints":{"allow":["GET"]}}],"collection":[{"href":"http:\/\/test.bildervomschmied.de\/index.php?rest_route=\/wp\/v2\/pages"}],"about":[{"href":"http:\/\/test.bildervomschmied.de\/index.php?rest_route=\/wp\/v2\/types\/page"}],"author":[{"embeddable":true,"href":"http:\/\/test.bildervomschmied.de\/index.php?rest_route=\/wp\/v2\/users\/1"}],"replies":[{"embeddable":true,"href":"http:\/\/test.bildervomschmied.de\/index.php?rest_route=%2Fwp%2Fv2%2Fcomments&post=15"}],"version-history":[{"count":11,"href":"http:\/\/test.bildervomschmied.de\/index.php?rest_route=\/wp\/v2\/pages\/15\/revisions"}],"predecessor-version":[{"id":478,"href":"http:\/\/test.bildervomschmied.de\/index.php?rest_route=\/wp\/v2\/pages\/15\/revisions\/478"}],"wp:attachment":[{"href":"http:\/\/test.bildervomschmied.de\/index.php?rest_route=%2Fwp%2Fv2%2Fmedia&parent=15"}],"curies":[{"name":"wp","href":"https:\/\/api.w.org\/{rel}","templated":true}]}}